{"id":33,"date":"2024-05-04T09:05:40","date_gmt":"2024-05-04T07:05:40","guid":{"rendered":"http:\/\/spaichinger-buerger-forum.de\/?page_id=33"},"modified":"2024-05-04T09:37:36","modified_gmt":"2024-05-04T07:37:36","slug":"unsere-petitionen","status":"publish","type":"page","link":"https:\/\/spaichinger-buerger-forum.de\/?page_id=33","title":{"rendered":"Unsere Petitionen"},"content":{"rendered":"\n<p><strong>Mitmachen &#8211; Mitbestimmen&nbsp;<\/strong><\/p>\n\n\n\n<p>Ganz nach unserem Motto m\u00f6chten wir gerne mit Ihnen etwas bewegen in Spaichingen.<\/p>\n\n\n\n<p>Nach dem &#8222;Schwarzeneggerprinzip&#8220;&nbsp;haben wir uns nur drei Themen vorgenommen, die wir gezielt ins Auge fassen.&nbsp;<\/p>\n\n\n\n<p>Deshalb haben wir zu den drei Kernthemen jeweils eine Petition&nbsp;ins Leben gerufen, an der Sie sich pers\u00f6nlich aktiv&nbsp; beteiligen k\u00f6nnen.&nbsp;<\/p>\n\n\n\n<p>\u00dcber die Links kommen Sie direkt zu den Petitionen, bei denen Sie auch anonym unterschreiben k\u00f6nnen oder wenn&nbsp;Sie wollen auch offline Unterst\u00fctzungsunterschriften sammeln k\u00f6nnen, wenn Sie die Petition&nbsp;als pdf herunterladen und ausdrucken.&nbsp;<\/p>\n\n\n\n<hr class=\"wp-block-separator has-alpha-channel-opacity is-style-wide\"\/>\n\n\n\n<h3 class=\"wp-block-heading\">Bezahlbares Wohnen in Spaichingen<\/h3>\n\n\n\n<div class=\"wp-block-columns is-layout-flex wp-container-core-columns-is-layout-9d6595d7 wp-block-columns-is-layout-flex\">\n<div class=\"wp-block-column is-layout-flow wp-block-column-is-layout-flow\" style=\"flex-basis:66.66%\">\n<figure class=\"wp-block-image size-large\"><img loading=\"lazy\" decoding=\"async\" width=\"1024\" height=\"683\" src=\"http:\/\/spaichinger-buerger-forum.de\/wp-content\/uploads\/2024\/05\/IMG_0122-1024x683.jpg\" alt=\"\" class=\"wp-image-58\" srcset=\"https:\/\/spaichinger-buerger-forum.de\/wp-content\/uploads\/2024\/05\/IMG_0122-1024x683.jpg 1024w, https:\/\/spaichinger-buerger-forum.de\/wp-content\/uploads\/2024\/05\/IMG_0122-300x200.jpg 300w, https:\/\/spaichinger-buerger-forum.de\/wp-content\/uploads\/2024\/05\/IMG_0122-768x512.jpg 768w, https:\/\/spaichinger-buerger-forum.de\/wp-content\/uploads\/2024\/05\/IMG_0122-1200x800.jpg 1200w, https:\/\/spaichinger-buerger-forum.de\/wp-content\/uploads\/2024\/05\/IMG_0122.jpg 1500w\" sizes=\"auto, (max-width: 709px) 85vw, (max-width: 909px) 67vw, (max-width: 1362px) 62vw, 840px\" \/><\/figure>\n<\/div>\n\n\n\n<div class=\"wp-block-column is-layout-flow wp-block-column-is-layout-flow\" style=\"flex-basis:33.33%\">\n<p>Link zur Petition:<\/p>\n\n\n\n<p><a href=\"https:\/\/www.openpetition.de\/petition\/online\/bezahlbares-wohnen-in-spaichingen\">https:\/\/www.openpetition.de\/petition\/online\/bezahlbares-wohnen-in-spaichingen<\/a><\/p>\n<\/div>\n<\/div>\n\n\n\n<p>In einer deutschlandweiten Onlinebefragung zu Wohnpr\u00e4ferenzen und Stellplatzbedarf im Wohnungsbau im Januar\/Februar 2024, gaben 82 Prozent der 1.630 Befragten an, dass sie Ma\u00dfnahmen zur F\u00f6rderung von bezahlbarem Wohnungsbau f\u00fcr notwendig halten (Quelle Institut der Deutschen Wirtschaft) Deutschland ist zwar weltweit die viertgr\u00f6\u00dfte Industrienation, aber nur an Platz 19 , wenn es um das Durchschnittsverm\u00f6gen geht, mitunter liegt das auch daran, dass wir mit 49,5% die geringste Eigentumsquote in ganz Europa ausweisen.<\/p>\n\n\n\n<p>Das hei\u00dft 50,5 % der Bev\u00f6lkerung lebt hierzulande in Miete, deswegen ist bezahlbarer Wohnraum Top Thema in Deutschland.<\/p>\n\n\n\n<p>Da auch in Spaichingen der Bedarf an bezahlbarem Wohnraum sehr hoch ist, m\u00f6chten wir, dass die Stadt in Zukunft den Bau von bezahlbarem Wohnraum priorisiert und gezielt Bautr\u00e4ger sucht, die zusammen mit der Stadt entsprechende Projekte entwickelt und bezahlbaren Wohnraum schafft.<\/p>\n\n\n\n<p>Zudem sollte die Stadt gezielt auch Altimmobilien sanieren und ert\u00fcchtigen, damit dort entsprechende Wohnangebote gebildet werden k\u00f6nnen.<\/p>\n\n\n\n<hr class=\"wp-block-separator has-alpha-channel-opacity is-style-wide\"\/>\n\n\n\n<h3 class=\"wp-block-heading\">Tierschutzf\u00f6rderung Tierheim in Spaichingen<\/h3>\n\n\n\n<div class=\"wp-block-columns is-layout-flex wp-container-core-columns-is-layout-9d6595d7 wp-block-columns-is-layout-flex\">\n<div class=\"wp-block-column is-layout-flow wp-block-column-is-layout-flow\" style=\"flex-basis:66.66%\">\n<figure class=\"wp-block-image size-large\"><img loading=\"lazy\" decoding=\"async\" width=\"1024\" height=\"683\" src=\"http:\/\/spaichinger-buerger-forum.de\/wp-content\/uploads\/2024\/05\/IMG_4127-1024x683.jpg\" alt=\"\" class=\"wp-image-60\" srcset=\"https:\/\/spaichinger-buerger-forum.de\/wp-content\/uploads\/2024\/05\/IMG_4127-1024x683.jpg 1024w, https:\/\/spaichinger-buerger-forum.de\/wp-content\/uploads\/2024\/05\/IMG_4127-300x200.jpg 300w, https:\/\/spaichinger-buerger-forum.de\/wp-content\/uploads\/2024\/05\/IMG_4127-768x512.jpg 768w, https:\/\/spaichinger-buerger-forum.de\/wp-content\/uploads\/2024\/05\/IMG_4127-1200x800.jpg 1200w, https:\/\/spaichinger-buerger-forum.de\/wp-content\/uploads\/2024\/05\/IMG_4127.jpg 1500w\" sizes=\"auto, (max-width: 709px) 85vw, (max-width: 909px) 67vw, (max-width: 1362px) 62vw, 840px\" \/><\/figure>\n<\/div>\n\n\n\n<div class=\"wp-block-column is-layout-flow wp-block-column-is-layout-flow\" style=\"flex-basis:33.33%\">\n<p>Link zur Petition:<\/p>\n\n\n\n<p><a href=\"https:\/\/www.openpetition.de\/petition\/online\/tierschutzfoerderung-tierheim-in-spaichingen\">https:\/\/www.openpetition.de\/petition\/online\/tierschutzfoerderung-tierheim-in-spaichingen<\/a><\/p>\n<\/div>\n<\/div>\n\n\n\n<p>In der Bundesrepublik Deutschland wird auf die Haltung von Hunden eine j\u00e4hrliche Steuer f\u00e4llig, die H\u00f6he der Steuer ist Sache der Kommunen, der Gemeinderat regelt die H\u00f6he der Steuer , f\u00fcr Kampfhunde werden oft gesondert h\u00f6here Steuern verlangt.<\/p>\n\n\n\n<p>Zuletzt in 2023&nbsp;hat die Stadt Spaichingen , bzw. die Mehrheit des Gemeinderates&nbsp;eine&nbsp;<a href=\"https:\/\/www.schwaebische.de\/regional\/tuttlingen\/spaichingen\/stadt-spaichingen-sucht-die-nicht-angemeldeten-hunde-2113344\" target=\"_blank\" rel=\"noreferrer noopener\">h\u00f6here Hundesteuer beschlossen<\/a>, gegen\u00fcber der bisherigen Regelung erfolgte eine Erh\u00f6hung um 30%.<\/p>\n\n\n\n<p>Bisher fiel pro Jahr ein mittlerer f\u00fcnfstelliger Betrag an.&nbsp;Die Hundesteuer ist eine Aufwandsteuer, sie ist&nbsp;keinem bestimmten Zweck zugeordnet und dient nach dem Gesamtdeckungsprinzip f\u00fcr alle kommunalen Aufgaben und wird dort mitverwendet.<\/p>\n\n\n\n<p>Wir m\u00f6chten, dass j\u00e4hrlich 10.000 \u20ac direkt an das hiesige Spaichinger Tierheim zur Unterst\u00fctzung der Tierwohlaufgaben in den Haushalt gestellt werden.<\/p>\n\n\n\n<hr class=\"wp-block-separator has-alpha-channel-opacity is-style-wide\"\/>\n\n\n\n<h3 class=\"wp-block-heading\">Barrierefreies Gewerbemuseum in Spaichingen<\/h3>\n\n\n\n<div class=\"wp-block-columns is-layout-flex wp-container-core-columns-is-layout-9d6595d7 wp-block-columns-is-layout-flex\">\n<div class=\"wp-block-column is-layout-flow wp-block-column-is-layout-flow\" style=\"flex-basis:66.66%\">\n<figure class=\"wp-block-image size-large\"><img loading=\"lazy\" decoding=\"async\" width=\"1024\" height=\"683\" src=\"http:\/\/spaichinger-buerger-forum.de\/wp-content\/uploads\/2024\/05\/IMG_4099-1024x683.jpg\" alt=\"\" class=\"wp-image-59\" srcset=\"https:\/\/spaichinger-buerger-forum.de\/wp-content\/uploads\/2024\/05\/IMG_4099-1024x683.jpg 1024w, https:\/\/spaichinger-buerger-forum.de\/wp-content\/uploads\/2024\/05\/IMG_4099-300x200.jpg 300w, https:\/\/spaichinger-buerger-forum.de\/wp-content\/uploads\/2024\/05\/IMG_4099-768x512.jpg 768w, https:\/\/spaichinger-buerger-forum.de\/wp-content\/uploads\/2024\/05\/IMG_4099-1200x800.jpg 1200w, https:\/\/spaichinger-buerger-forum.de\/wp-content\/uploads\/2024\/05\/IMG_4099.jpg 1500w\" sizes=\"auto, (max-width: 709px) 85vw, (max-width: 909px) 67vw, (max-width: 1362px) 62vw, 840px\" \/><\/figure>\n<\/div>\n\n\n\n<div class=\"wp-block-column is-layout-flow wp-block-column-is-layout-flow\" style=\"flex-basis:33.33%\">\n<p>Link zur Petition:<\/p>\n\n\n\n<p><a href=\"https:\/\/www.openpetition.de\/petition\/online\/barrierefreies-gewerbemuseum-in-spaichingen\">https:\/\/www.openpetition.de\/petition\/online\/barrierefreies-gewerbemuseum-in-spaichingen<\/a><\/p>\n<\/div>\n<\/div>\n\n\n\n<p>Wir m\u00f6chten, dass die Stadt\u00a0Spaichingen das Gewerbemuseum in Spaichingen barrierefrei gestaltet, damit es ausnahmslos f\u00fcr die gesamte Bev\u00f6lkerung frei zug\u00e4nglich wird. Der bereits vor \u00fcber 10 Jahren geplante Aufzug soll priorisiert und schnellstm\u00f6glich umgesetzt werden.<\/p>\n","protected":false},"excerpt":{"rendered":"<p>Mitmachen &#8211; Mitbestimmen&nbsp; Ganz nach unserem Motto m\u00f6chten wir gerne mit Ihnen etwas bewegen in Spaichingen. Nach dem &#8222;Schwarzeneggerprinzip&#8220;&nbsp;haben wir uns nur drei Themen vorgenommen, die wir gezielt ins Auge fassen.&nbsp; Deshalb haben wir zu den drei Kernthemen jeweils eine Petition&nbsp;ins Leben gerufen, an der Sie sich pers\u00f6nlich aktiv&nbsp; beteiligen k\u00f6nnen.&nbsp; \u00dcber die Links kommen &hellip; <a href=\"https:\/\/spaichinger-buerger-forum.de\/?page_id=33\" class=\"more-link\"><span class=\"screen-reader-text\">\u201eUnsere Petitionen\u201c<\/span> weiterlesen<\/a><\/p>\n","protected":false},"author":1,"featured_media":0,"parent":0,"menu_order":0,"comment_status":"closed","ping_status":"closed","template":"","meta":{"footnotes":""},"class_list":["post-33","page","type-page","status-publish","hentry"],"_links":{"self":[{"href":"https:\/\/spaichinger-buerger-forum.de\/index.php?rest_route=\/wp\/v2\/pages\/33","targetHints":{"allow":["GET"]}}],"collection":[{"href":"https:\/\/spaichinger-buerger-forum.de\/index.php?rest_route=\/wp\/v2\/pages"}],"about":[{"href":"https:\/\/spaichinger-buerger-forum.de\/index.php?rest_route=\/wp\/v2\/types\/page"}],"author":[{"embeddable":true,"href":"https:\/\/spaichinger-buerger-forum.de\/index.php?rest_route=\/wp\/v2\/users\/1"}],"replies":[{"embeddable":true,"href":"https:\/\/spaichinger-buerger-forum.de\/index.php?rest_route=%2Fwp%2Fv2%2Fcomments&post=33"}],"version-history":[{"count":2,"href":"https:\/\/spaichinger-buerger-forum.de\/index.php?rest_route=\/wp\/v2\/pages\/33\/revisions"}],"predecessor-version":[{"id":61,"href":"https:\/\/spaichinger-buerger-forum.de\/index.php?rest_route=\/wp\/v2\/pages\/33\/revisions\/61"}],"wp:attachment":[{"href":"https:\/\/spaichinger-buerger-forum.de\/index.php?rest_route=%2Fwp%2Fv2%2Fmedia&parent=33"}],"curies":[{"name":"wp","href":"https:\/\/api.w.org\/{rel}","templated":true}]}}

<p><strong>Mitmachen &#8211; Mitbestimmen&nbsp;</strong></p>



<p>Ganz nach unserem Motto möchten wir gerne mit Ihnen etwas bewegen in Spaichingen.</p>



<p>Nach dem &#8222;Schwarzeneggerprinzip&#8220;&nbsp;haben wir uns nur drei Themen vorgenommen, die wir gezielt ins Auge fassen.&nbsp;</p>



<p>Deshalb haben wir zu den drei Kernthemen jeweils eine Petition&nbsp;ins Leben gerufen, an der Sie sich persönlich aktiv&nbsp; beteiligen können.&nbsp;</p>



<p>Über die Links kommen Sie direkt zu den Petitionen, bei denen Sie auch anonym unterschreiben können oder wenn&nbsp;Sie wollen auch offline Unterstützungsunterschriften sammeln können, wenn Sie die Petition&nbsp;als pdf herunterladen und ausdrucken.&nbsp;</p>



<hr class="wp-block-separator has-alpha-channel-opacity is-style-wide"/>



<h3 class="wp-block-heading">Bezahlbares Wohnen in Spaichingen</h3>



<div class="wp-block-columns is-layout-flex wp-container-core-columns-is-layout-9d6595d7 wp-block-columns-is-layout-flex">
<div class="wp-block-column is-layout-flow wp-block-column-is-layout-flow" style="flex-basis:66.66%">
<figure class="wp-block-image size-large"><img loading="lazy" decoding="async" width="1024" height="683" src="http://spaichinger-buerger-forum.de/wp-content/uploads/2024/05/IMG_0122-1024x683.jpg" alt="" class="wp-image-58" srcset="https://spaichinger-buerger-forum.de/wp-content/uploads/2024/05/IMG_0122-1024x683.jpg 1024w, https://spaichinger-buerger-forum.de/wp-content/uploads/2024/05/IMG_0122-300x200.jpg 300w, https://spaichinger-buerger-forum.de/wp-content/uploads/2024/05/IMG_0122-768x512.jpg 768w, https://spaichinger-buerger-forum.de/wp-content/uploads/2024/05/IMG_0122-1200x800.jpg 1200w, https://spaichinger-buerger-forum.de/wp-content/uploads/2024/05/IMG_0122.jpg 1500w" sizes="auto, (max-width: 709px) 85vw, (max-width: 909px) 67vw, (max-width: 1362px) 62vw, 840px" /></figure>
</div>



<div class="wp-block-column is-layout-flow wp-block-column-is-layout-flow" style="flex-basis:33.33%">
<p>Link zur Petition:</p>



<p><a href="https://www.openpetition.de/petition/online/bezahlbares-wohnen-in-spaichingen">https://www.openpetition.de/petition/online/bezahlbares-wohnen-in-spaichingen</a></p>
</div>
</div>



<p>In einer deutschlandweiten Onlinebefragung zu Wohnpräferenzen und Stellplatzbedarf im Wohnungsbau im Januar/Februar 2024, gaben 82 Prozent der 1.630 Befragten an, dass sie Maßnahmen zur Förderung von bezahlbarem Wohnungsbau für notwendig halten (Quelle Institut der Deutschen Wirtschaft) Deutschland ist zwar weltweit die viertgrößte Industrienation, aber nur an Platz 19 , wenn es um das Durchschnittsvermögen geht, mitunter liegt das auch daran, dass wir mit 49,5% die geringste Eigentumsquote in ganz Europa ausweisen.</p>



<p>Das heißt 50,5 % der Bevölkerung lebt hierzulande in Miete, deswegen ist bezahlbarer Wohnraum Top Thema in Deutschland.</p>



<p>Da auch in Spaichingen der Bedarf an bezahlbarem Wohnraum sehr hoch ist, möchten wir, dass die Stadt in Zukunft den Bau von bezahlbarem Wohnraum priorisiert und gezielt Bauträger sucht, die zusammen mit der Stadt entsprechende Projekte entwickelt und bezahlbaren Wohnraum schafft.</p>



<p>Zudem sollte die Stadt gezielt auch Altimmobilien sanieren und ertüchtigen, damit dort entsprechende Wohnangebote gebildet werden können.</p>



<hr class="wp-block-separator has-alpha-channel-opacity is-style-wide"/>



<h3 class="wp-block-heading">Tierschutzförderung Tierheim in Spaichingen</h3>



<div class="wp-block-columns is-layout-flex wp-container-core-columns-is-layout-9d6595d7 wp-block-columns-is-layout-flex">
<div class="wp-block-column is-layout-flow wp-block-column-is-layout-flow" style="flex-basis:66.66%">
<figure class="wp-block-image size-large"><img loading="lazy" decoding="async" width="1024" height="683" src="http://spaichinger-buerger-forum.de/wp-content/uploads/2024/05/IMG_4127-1024x683.jpg" alt="" class="wp-image-60" srcset="https://spaichinger-buerger-forum.de/wp-content/uploads/2024/05/IMG_4127-1024x683.jpg 1024w, https://spaichinger-buerger-forum.de/wp-content/uploads/2024/05/IMG_4127-300x200.jpg 300w, https://spaichinger-buerger-forum.de/wp-content/uploads/2024/05/IMG_4127-768x512.jpg 768w, https://spaichinger-buerger-forum.de/wp-content/uploads/2024/05/IMG_4127-1200x800.jpg 1200w, https://spaichinger-buerger-forum.de/wp-content/uploads/2024/05/IMG_4127.jpg 1500w" sizes="auto, (max-width: 709px) 85vw, (max-width: 909px) 67vw, (max-width: 1362px) 62vw, 840px" /></figure>
</div>



<div class="wp-block-column is-layout-flow wp-block-column-is-layout-flow" style="flex-basis:33.33%">
<p>Link zur Petition:</p>



<p><a href="https://www.openpetition.de/petition/online/tierschutzfoerderung-tierheim-in-spaichingen">https://www.openpetition.de/petition/online/tierschutzfoerderung-tierheim-in-spaichingen</a></p>
</div>
</div>



<p>In der Bundesrepublik Deutschland wird auf die Haltung von Hunden eine jährliche Steuer fällig, die Höhe der Steuer ist Sache der Kommunen, der Gemeinderat regelt die Höhe der Steuer , für Kampfhunde werden oft gesondert höhere Steuern verlangt.</p>



<p>Zuletzt in 2023&nbsp;hat die Stadt Spaichingen , bzw. die Mehrheit des Gemeinderates&nbsp;eine&nbsp;<a href="https://www.schwaebische.de/regional/tuttlingen/spaichingen/stadt-spaichingen-sucht-die-nicht-angemeldeten-hunde-2113344" target="_blank" rel="noreferrer noopener">höhere Hundesteuer beschlossen</a>, gegenüber der bisherigen Regelung erfolgte eine Erhöhung um 30%.</p>



<p>Bisher fiel pro Jahr ein mittlerer fünfstelliger Betrag an.&nbsp;Die Hundesteuer ist eine Aufwandsteuer, sie ist&nbsp;keinem bestimmten Zweck zugeordnet und dient nach dem Gesamtdeckungsprinzip für alle kommunalen Aufgaben und wird dort mitverwendet.</p>



<p>Wir möchten, dass jährlich 10.000 € direkt an das hiesige Spaichinger Tierheim zur Unterstützung der Tierwohlaufgaben in den Haushalt gestellt werden.</p>



<hr class="wp-block-separator has-alpha-channel-opacity is-style-wide"/>



<h3 class="wp-block-heading">Barrierefreies Gewerbemuseum in Spaichingen</h3>



<div class="wp-block-columns is-layout-flex wp-container-core-columns-is-layout-9d6595d7 wp-block-columns-is-layout-flex">
<div class="wp-block-column is-layout-flow wp-block-column-is-layout-flow" style="flex-basis:66.66%">
<figure class="wp-block-image size-large"><img loading="lazy" decoding="async" width="1024" height="683" src="http://spaichinger-buerger-forum.de/wp-content/uploads/2024/05/IMG_4099-1024x683.jpg" alt="" class="wp-image-59" srcset="https://spaichinger-buerger-forum.de/wp-content/uploads/2024/05/IMG_4099-1024x683.jpg 1024w, https://spaichinger-buerger-forum.de/wp-content/uploads/2024/05/IMG_4099-300x200.jpg 300w, https://spaichinger-buerger-forum.de/wp-content/uploads/2024/05/IMG_4099-768x512.jpg 768w, https://spaichinger-buerger-forum.de/wp-content/uploads/2024/05/IMG_4099-1200x800.jpg 1200w, https://spaichinger-buerger-forum.de/wp-content/uploads/2024/05/IMG_4099.jpg 1500w" sizes="auto, (max-width: 709px) 85vw, (max-width: 909px) 67vw, (max-width: 1362px) 62vw, 840px" /></figure>
</div>



<div class="wp-block-column is-layout-flow wp-block-column-is-layout-flow" style="flex-basis:33.33%">
<p>Link zur Petition:</p>



<p><a href="https://www.openpetition.de/petition/online/barrierefreies-gewerbemuseum-in-spaichingen">https://www.openpetition.de/petition/online/barrierefreies-gewerbemuseum-in-spaichingen</a></p>
</div>
</div>



<p>Wir möchten, dass die Stadt Spaichingen das Gewerbemuseum in Spaichingen barrierefrei gestaltet, damit es ausnahmslos für die gesamte Bevölkerung frei zugänglich wird. Der bereits vor über 10 Jahren geplante Aufzug soll priorisiert und schnellstmöglich umgesetzt werden.</p>

<p>Mitmachen &#8211; Mitbestimmen&nbsp; Ganz nach unserem Motto möchten wir gerne mit Ihnen etwas bewegen in Spaichingen. Nach dem &#8222;Schwarzeneggerprinzip&#8220;&nbsp;haben wir uns nur drei Themen vorgenommen, die wir gezielt ins Auge fassen.&nbsp; Deshalb haben wir zu den drei Kernthemen jeweils eine Petition&nbsp;ins Leben gerufen, an der Sie sich persönlich aktiv&nbsp; beteiligen können.&nbsp; Über die Links kommen &hellip; <a href="https://spaichinger-buerger-forum.de/?page_id=33" class="more-link"><span class="screen-reader-text">„Unsere Petitionen“</span> weiterlesen</a></p>
